is the remainder when 8233 is divided by 67?
59
What is the remainder when 39271 is divided by 40?
31
What is the remainder when 3716124 is divided by 30?
24
What is the remainder when 4941 is divided by 1345?
906
Calculate the remainder when 2020 is divided by 63.
4
What is the remainder when 317163 is divided by 1145?
1143
Calculate the remainder when 43451 is divided by 21714.
23
Calculate the remainder when 120211 is divided by 1486.
1331
Calculate the remainder when 393329 is divided by 393313.
16
What is the remainder when 1665 is divided by 236?
13
What is the remainder when 66117 is divided by 14?
9
What is the remainder when 708 is divided by 67?
38
What is the remainder when 46731 is divided by 36?
3
What is the remainder when 7986 is divided by 613?
17
What is the remainder when 26205 is divided by 14?
11
Calculate the remainder when 294340 is divided by 2213.
11
What is the remainder when 17769 is divided by 76?
61
Calculate the remainder when 4069 is divided by 23.
21
What is the remainder when 14311 is divided by 166?
35
What is the remainder when 8260 is divided by 635?
5
What is the remainder when 13419 is divided by 3893?
1740
Calculate the remainder when 15773 is divided by 1310.
53
What is the remainder when 159604 is divided by 281?
277
Calculate the remainder when 13604 is divided by 1356.
44
Calculate the remainder when 60673 is divided by 154.
151
What is the remainder when 32889 is divided by 658?
647
Calculate the remainder when 631390 is divided by 248.
230
Calculate the remainder when 126215 is divided by 709.
13
What is the remainder when 423 is divided by 4?
3
What is the remainder when 44802 is divided by 8875?
427
What is the remainder when 1437 is divided by 500?
437
What is the remainder when 55356 is divided by 346?
342
Calculate the remainder when 7440 is divided by 498.
468
Calculate the remainder when 145 is divided by 115.
30
Calculate the remainder when 9626 is divided by 2930.
836
What is the remainder when 110957 is divided by 4109?
14
Calculate the remainder when 1825 is divided by 606.
7
What is the remainder when 91172 is divided by 56?
4
Calculate the remainder when 163465 is divided by 196.
1
Calculate the remainder when 903155 is divided by 17.
13
What is the remainder when 11753 is divided by 83?
50
What is the remainder when 61974 is divided by 30974?
26
Calculate the remainder when 397903 is divided by 52.
51
Calculate the remainder when 2680 is divided by 567.
412
Calculate the remainder when 38648 is divided by 2.
0
What is the remainder when 1394 is divided by 322?
106
What is the remainder when 260 is divided by 77?
29
Calculate the remainder when 65560 is divided by 5463.
4
What is the remainder when 1970 is divided by 77?
45
Calculate the remainder when 27679 is divided by 4.
3
What is the remainder when 6619 is divided by 72?
67
What is the remainder when 58213 is divided by 22?
1
Calculate the remainder when 207783 is divided by 74.
65
Calculate the remainder when 22268 is divided by 135.
128
Calculate the remainder when 4866 is divided by 548.
482
Calculate the remainder when 13619 is divided by 6549.
521
Calculate the remainder when 15515 is divided by 775.
15
What is the remainder when 3866 is divided by 117?
5
What is the remainder when 8634 is divided by 83?
2
What is the remainder when 8505 is divided by 194?
163
What is the remainder when 3636 is divided by 2595?
1041
Calculate the remainder when 469 is divided by 387.
82
Calculate the remainder when 87928 is divided by 14.
8
What is the remainder when 299362 is divided by 193?
19
Calculate the remainder when 4567 is divided by 507.
4
What is the remainder when 612044 is divided by 82?
78
What is the remainder when 695328 is divided by 57?
42
Calculate the remainder when 162497 is divided by 13.
10
What is the remainder when 2954 is divided by 199?
168
Calculate the remainder when 5920 is divided by 590.
20
Calculate the remainder when 60514 is divided by 617.
48
Calculate the remainder when 94957 is divided by 31619.
100
Calculate the remainder when 4310 is divided by 2135.
40
What is the remainder when 86174 is divided by 86153?
21
Calculate the remainder when 259416 is divided by 63.
45
Calculate the remainder when 128448 is divided by 175.
173
Calculate the remainder when 13715 is divided by 56.
51
What is the remainder when 2593 is divided by 862?
7
What is the remainder when 2515 is divided by 118?
37
Calculate the remainder when 16656 is divided by 119.
115
What is the remainder when 99970 is divided by 80?
50
Calculate the remainder when 223997 is divided by 320.
317
Calculate the remainder when 3303 is divided by 1640.
23
Calculate the remainder when 285267 is divided by 37.
34
Calculate the remainder when 31466 is divided by 492.
470
What is the remainder when 123589 is divided by 93?
85
What is the remainder when 106732 is divided by 166?
160
What is the remainder when 30313 is divided by 3290?
703
Calculate the remainder when 238353 is divided by 74.
73
What is the remainder when 24329 is divided by 348?
317
Calculate the remainder when 5795 is divided by 457.
311
What is the remainder when 2794 is divided by 1319?
156
Calculate the remainder when 6962 is divided by 187.
43
What is the remainder when 51091 is divided by 17021?
28
What is the remainder when 7742 is divided by 3493?
756
Calculate the remainder when 3462 is divided by 3412.
50
What is the remainder when 11000 is divided by 57?
56
What is the remainder when 1619 is divided by 134?
11
Calculate the remainder when 5969 is divided by 1818.
515
What is the remainder when 11835 is divided by 22?
21
What is the remainder when 30799 is divided by 12?
7
What is the remainder when 440641 is divided by 7?
5
What is the remainder when 5731 is divided by 1370?
251
Calculate the remainder when 682 is divided by 109.
28
What is the remainder when 4123 is divided by 346?
317
What is the remainder when 40361 is divided by 441?
230
What is the remainder when 227663 is divided by 49?
9
Calculate the remainder when 151919 is divided by 10.
9
What is the remainder when 2901479 is divided by 14?
7
Calculate the remainder when 5719 is divided by 361.
304
Calculate the remainder when 4665 is divided by 257.
39
What is the remainder when 11850 is divided by 1184?
10
Calculate the remainder when 18248 is divided by 823.
142
What is the remainder when 3682 is divided by 122?
22
Calculate the remainder when 15420 is divided by 3074.
50
Calculate the remainder when 83521 is divided by 76.
73
What is the remainder when 37935 is divided by 12645?
0
What is the remainder when 1617358 is divided by 15?
13
What is the remainder when 72605 is divided by 16?
13
What is the remainder when 72382 is divided by 12?
10
What is the remainder when 810746 is divided by 51?
50
What is the remainder when 810 is divided by 273?
264
Calculate the remainder when 251937 is divided by 442.
439
What is the remainder when 5292 is divided by 2036?
1220
What is the remainder when 942 is divided by 324?
294
Calculate the remainder when 67 is divided by 25.
17
What is the remainder when 23762 is divided by 1399?
1378
What is the remainder when 1889 is divided by 524?
317
What is the remainder when 10627 is divided by 1044?
187
Calculate the remainder when 1176 is divided by 640.
536
What is the remainder when 139858 is divided by 46614?
16
What is the remainder when 28588 is divided by 20?
8
What is the remainder when 1075 is divided by 1048?
27
Calculate the remainder when 2397 is divided by 506.
373
Calculate the remainder when 116799 is divided by 162.
159
Calculate the remainder when 30294 is divided by 5046.
18
Calculate the remainder when 3791432 is divided by 115.
112
Calculate the remainder when 128730 is divided by 42894.
48
What is the remainder when 42092 is divided by 3506?
20
Calculate the remainder when 686 is divided by 603.
83
Calculate the remainder when 14560 is divided by 4848.
16
Calculate the remainder when 1215225 is divided by 9.
0
Calculate the remainder when 396 is divided by 160.
76
Calculate the remainder when 122947 is divided by 654.
649
Calculate the remainder when 35290 is divided by 497.
3
What is the remainder when 624 is divided by 114?
54
Calculate the remainder when 217